{"id":855,"date":"2018-02-23T13:21:53","date_gmt":"2018-02-23T12:21:53","guid":{"rendered":"http:\/\/xxl-strategie.fr\/?page_id=855"},"modified":"2019-09-23T11:27:40","modified_gmt":"2019-09-23T10:27:40","slug":"lart-de-la-motivation-conference","status":"publish","type":"page","link":"https:\/\/xxl-strategie.fr\/index.php\/lart-de-la-motivation-conference\/","title":{"rendered":"Conf\u00e9rence : La motivation, force motrice de l&rsquo;entreprise"},"content":{"rendered":"<div id=\"pl-855\"  class=\"panel-layout\" ><div id=\"pg-855-0\"  class=\"panel-grid panel-no-style\" ><div id=\"pgc-855-0-0\"  class=\"panel-grid-cell\" ><div id=\"panel-855-0-0-0\" class=\"so-panel widget widget_text panel-first-child panel-last-child\" data-index=\"0\" ><h3 class=\"widget-title\">Ce ne sont pas les probl\u00e8mes qui cr\u00e9ent la d\u00e9motivation, c\u2019est la d\u00e9motivation qui cr\u00e9e les probl\u00e8mes.<\/h3>\t\t\t<div class=\"textwidget\"><p><img decoding=\"async\" loading=\"lazy\" class=\"alignleft size-medium wp-image-858\" src=\"http:\/\/xxl-strategie.fr\/wp-content\/uploads\/2018\/02\/xxl_Motiver_01-300x200.jpg\" alt=\"\" width=\"300\" height=\"200\" srcset=\"https:\/\/xxl-strategie.fr\/wp-content\/uploads\/2018\/02\/xxl_Motiver_01-300x200.jpg 300w, https:\/\/xxl-strategie.fr\/wp-content\/uploads\/2018\/02\/xxl_Motiver_01-272x182.jpg 272w, https:\/\/xxl-strategie.fr\/wp-content\/uploads\/2018\/02\/xxl_Motiver_01.jpg 612w\" sizes=\"(max-width: 300px) 100vw, 300px\" \/><img decoding=\"async\" loading=\"lazy\" class=\"alignleft size-medium wp-image-860\" src=\"http:\/\/xxl-strategie.fr\/wp-content\/uploads\/2018\/02\/xxl_motiver_02-300x200.jpg\" alt=\"\" width=\"300\" height=\"200\" srcset=\"https:\/\/xxl-strategie.fr\/wp-content\/uploads\/2018\/02\/xxl_motiver_02-300x200.jpg 300w, https:\/\/xxl-strategie.fr\/wp-content\/uploads\/2018\/02\/xxl_motiver_02-272x182.jpg 272w, https:\/\/xxl-strategie.fr\/wp-content\/uploads\/2018\/02\/xxl_motiver_02.jpg 612w\" sizes=\"(max-width: 300px) 100vw, 300px\" \/><\/p>\n<\/div>\n\t\t<\/div><\/div><\/div><div id=\"pg-855-1\"  class=\"panel-grid panel-no-style\" ><div id=\"pgc-855-1-0\"  class=\"panel-grid-cell\" ><div id=\"panel-855-1-0-0\" class=\"so-panel widget widget_text panel-first-child panel-last-child\" data-index=\"1\" >\t\t\t<div class=\"textwidget\"><p><strong>La performance ne se construit pas dans l\u2019obsession de vaincre, mais dans la passion constante de faire et progresser dans son m\u00e9tier.\u00a0<\/strong>En identifiant les m\u00e9canismes qui cr\u00e9ent la motivation, vous pouvez alors construire un syst\u00e8me de management capable de donner \u00e0 chacun, une vision qui mobilise, une mission qui motive et d\u00e9finir des r\u00e8gles du jeu qui s\u00e9curisent.<\/p>\n<p>Conna\u00eetre les diff\u00e9rents styles manag\u00e9riaux, savoir adopter les postures de leadership et travailler son adaptation aux diff\u00e9rentes situations permet de mieux se conna\u00eetre en tant<\/p>\n<p>que manager. Mais il faut aussi savoir \u00e9valuer ses \u00e9quipes en terme de comp\u00e9tence et de motivation pour pouvoir les faire \u00e9voluer en autonomie.\u00a0<span class=\"\">Dans ce sens, le management est\u00a0un v\u00e9ritable m\u00e9tier avec ses outils, ses m\u00e9thodes, ses r\u00e8gles et ses principes\u00a0qui rappellent que le destin de l\u2019entreprise se construit toujours \u00e0 l\u2019int\u00e9rieur d\u2019elle-m\u00eame.<\/span><\/p>\n<p><a href=\"http:\/\/xxl-strategie.fr\/index.php\/lequipe\/formulaire-de-contact\/\">Demande de renseignements.<\/a><\/p>\n<p><img decoding=\"async\" loading=\"lazy\" class=\"alignleft wp-image-829\" src=\"http:\/\/xxl-strategie.fr\/wp-content\/uploads\/2018\/02\/xxl_conference_02.jpg\" alt=\"\" width=\"186\" height=\"122\" \/> <img decoding=\"async\" loading=\"lazy\" class=\"alignleft size-medium wp-image-828\" src=\"http:\/\/xxl-strategie.fr\/wp-content\/uploads\/2018\/02\/xxl_conference_01-300x123.jpg\" alt=\"\" width=\"300\" height=\"123\" srcset=\"https:\/\/xxl-strategie.fr\/wp-content\/uploads\/2018\/02\/xxl_conference_01-300x123.jpg 300w, https:\/\/xxl-strategie.fr\/wp-content\/uploads\/2018\/02\/xxl_conference_01.jpg 350w\" sizes=\"(max-width: 300px) 100vw, 300px\" \/><\/p>\n<\/div>\n\t\t<\/div><\/div><\/div><\/div>","protected":false},"excerpt":{"rendered":"<p>La performance ne se construit pas dans l\u2019obsession de vaincre, mais dans la passion constante de faire et progresser dans son m\u00e9tier.\u00a0En identifiant les m\u00e9canismes qui cr\u00e9ent la motivation, vous pouvez alors construire un syst\u00e8me de management capable de donner \u00e0 chacun, une vision qui mobilise, une mission qui motive et d\u00e9finir des r\u00e8gles du [&hellip;]<\/p>\n","protected":false},"author":1,"featured_media":0,"parent":0,"menu_order":0,"comment_status":"closed","ping_status":"closed","template":"","meta":[],"_links":{"self":[{"href":"https:\/\/xxl-strategie.fr\/index.php\/wp-json\/wp\/v2\/pages\/855"}],"collection":[{"href":"https:\/\/xxl-strategie.fr\/index.php\/wp-json\/wp\/v2\/pages"}],"about":[{"href":"https:\/\/xxl-strategie.fr\/index.php\/wp-json\/wp\/v2\/types\/page"}],"author":[{"embeddable":true,"href":"https:\/\/xxl-strategie.fr\/index.php\/wp-json\/wp\/v2\/users\/1"}],"replies":[{"embeddable":true,"href":"https:\/\/xxl-strategie.fr\/index.php\/wp-json\/wp\/v2\/comments?post=855"}],"version-history":[{"count":29,"href":"https:\/\/xxl-strategie.fr\/index.php\/wp-json\/wp\/v2\/pages\/855\/revisions"}],"predecessor-version":[{"id":859,"href":"https:\/\/xxl-strategie.fr\/index.php\/wp-json\/wp\/v2\/pages\/855\/revisions\/859"}],"wp:attachment":[{"href":"https:\/\/xxl-strategie.fr\/index.php\/wp-json\/wp\/v2\/media?parent=855"}],"curies":[{"name":"wp","href":"https:\/\/api.w.org\/{rel}","templated":true}]}}