{"id":495,"date":"2016-06-22T10:48:03","date_gmt":"2016-06-22T09:48:03","guid":{"rendered":"http:\/\/xxl-strategie.fr\/?page_id=495"},"modified":"2016-07-01T14:19:07","modified_gmt":"2016-07-01T13:19:07","slug":"personne-designee-competente-en-sante-et-securite-au-travail-sst","status":"publish","type":"page","link":"https:\/\/xxl-strategie.fr\/index.php\/personne-designee-competente-en-sante-et-securite-au-travail-sst\/","title":{"rendered":"Personne d\u00e9sign\u00e9e comp\u00e9tente en Sant\u00e9 et S\u00e9curit\u00e9 au Travail (SST)"},"content":{"rendered":"<p><strong>XXL propose une formation valid\u00e9e par la CARSAT Nord Picardie \u00e0 l\u2019attention des r\u00e9f\u00e9rents SST. Cette formation vous permettra d\u2019\u00e9laborer et mettre en \u0153uvre une d\u00e9marche de pr\u00e9vention des risques professionnels dans votre entreprise.<\/strong><\/p>\n<p>L\u2019employeur, quelle que soit la taille et le secteur de son entreprise, doit d\u00e9signer un r\u00e9f\u00e9rent en sant\u00e9 et s\u00e9curit\u00e9 du travail, d\u00e9j\u00e0 comp\u00e9tent ou form\u00e9 sp\u00e9cifiquement (Article L.4644-1 du Code du Travail) : Sa mission est de participer \u00e0 la r\u00e9daction du Document Unique de S\u00e9curit\u00e9 d\u2019\u00e9valuation des risques, de diffuser les consignes de s\u00e9curit\u00e9, d\u2019informer les nouveaux embauch\u00e9s, int\u00e9rimaires, saisonniers sur les dangers auxquels ils peuvent \u00eatre confront\u00e9s, de s\u2019assurer que les v\u00e9rifications p\u00e9riodiques obligatoires du mat\u00e9riel et des \u00e9quipements sont faites\u2026 \u00c0 l\u2019issue de la formation, le salari\u00e9 a l\u2019opportunit\u00e9 dans le cadre d\u2019une \u00e9valuation, d\u2019obtenir une attestation d\u00e9livr\u00e9e par l\u2019Assurance maladie- risques professionnels et l\u2019INRS pour certifier ses acquis.<\/p>\n<p><a href=\"http:\/\/xxl-strategie.fr\/index.php\/lequipe\/formulaire-de-contact\/\">Demande de renseignements<\/a><\/p>\n","protected":false},"excerpt":{"rendered":"<p>XXL propose une formation valid\u00e9e par la CARSAT Nord Picardie \u00e0 l\u2019attention des r\u00e9f\u00e9rents SST. Cette formation vous permettra d\u2019\u00e9laborer et mettre en \u0153uvre une d\u00e9marche de pr\u00e9vention des risques professionnels dans votre entreprise. L\u2019employeur, quelle que soit la taille et le secteur de son entreprise, doit d\u00e9signer un r\u00e9f\u00e9rent en sant\u00e9 et s\u00e9curit\u00e9 du [&hellip;]<\/p>\n","protected":false},"author":1,"featured_media":0,"parent":0,"menu_order":0,"comment_status":"closed","ping_status":"closed","template":"","meta":[],"_links":{"self":[{"href":"https:\/\/xxl-strategie.fr\/index.php\/wp-json\/wp\/v2\/pages\/495"}],"collection":[{"href":"https:\/\/xxl-strategie.fr\/index.php\/wp-json\/wp\/v2\/pages"}],"about":[{"href":"https:\/\/xxl-strategie.fr\/index.php\/wp-json\/wp\/v2\/types\/page"}],"author":[{"embeddable":true,"href":"https:\/\/xxl-strategie.fr\/index.php\/wp-json\/wp\/v2\/users\/1"}],"replies":[{"embeddable":true,"href":"https:\/\/xxl-strategie.fr\/index.php\/wp-json\/wp\/v2\/comments?post=495"}],"version-history":[{"count":2,"href":"https:\/\/xxl-strategie.fr\/index.php\/wp-json\/wp\/v2\/pages\/495\/revisions"}],"predecessor-version":[{"id":518,"href":"https:\/\/xxl-strategie.fr\/index.php\/wp-json\/wp\/v2\/pages\/495\/revisions\/518"}],"wp:attachment":[{"href":"https:\/\/xxl-strategie.fr\/index.php\/wp-json\/wp\/v2\/media?parent=495"}],"curies":[{"name":"wp","href":"https:\/\/api.w.org\/{rel}","templated":true}]}}