{"id":441,"date":"2016-06-14T16:09:52","date_gmt":"2016-06-14T15:09:52","guid":{"rendered":"http:\/\/xxl-strategie.fr\/?page_id=441"},"modified":"2016-07-01T14:26:57","modified_gmt":"2016-07-01T13:26:57","slug":"mettre-en-place-une-demarche-5s","status":"publish","type":"page","link":"https:\/\/xxl-strategie.fr\/index.php\/mettre-en-place-une-demarche-5s\/","title":{"rendered":"Mettre en place une d\u00e9marche 5S"},"content":{"rendered":"<p><strong>OBJECTIF DE LA FORMATION<\/strong><\/p>\n<p>Avant tout, RANGER<\/p>\n<hr \/>\n<p><strong>PROGRAMME DE FORMATION<\/strong><\/p>\n<p>Identifier les gains attendus par la mise en \u0153uvre du 5S.<br \/>\nConna\u00eetre et comprendre les \u00e9l\u00e9ments de chaque S pour assurer le succ\u00e8s de la d\u00e9marche.<br \/>\nIdentifier le r\u00f4le de chacun.<br \/>\nMettre en \u0153uvre concr\u00e8tement un chantier 5S.<br \/>\nR\u00e9ussir la communication tout au long du projet.<br \/>\nMettre en place les standards.<br \/>\nSurveiller, maintenir, am\u00e9liorer.<br \/>\nElargir aux diff\u00e9rents secteurs de l\u2019entreprise.<\/p>\n<hr \/>\n<p><strong>Dur\u00e9e<\/strong><br \/>\n3 jours<\/p>\n<p><a href=\"http:\/\/xxl-strategie.fr\/index.php\/lequipe\/formulaire-de-contact\/\">Demande de renseignements<\/a><\/p>\n","protected":false},"excerpt":{"rendered":"<p>OBJECTIF DE LA FORMATION Avant tout, RANGER PROGRAMME DE FORMATION Identifier les gains attendus par la mise en \u0153uvre du 5S. Conna\u00eetre et comprendre les \u00e9l\u00e9ments de chaque S pour assurer le succ\u00e8s de la d\u00e9marche. Identifier le r\u00f4le de chacun. Mettre en \u0153uvre concr\u00e8tement un chantier 5S. R\u00e9ussir la communication tout au long du [&hellip;]<\/p>\n","protected":false},"author":1,"featured_media":0,"parent":0,"menu_order":0,"comment_status":"closed","ping_status":"closed","template":"","meta":[],"_links":{"self":[{"href":"https:\/\/xxl-strategie.fr\/index.php\/wp-json\/wp\/v2\/pages\/441"}],"collection":[{"href":"https:\/\/xxl-strategie.fr\/index.php\/wp-json\/wp\/v2\/pages"}],"about":[{"href":"https:\/\/xxl-strategie.fr\/index.php\/wp-json\/wp\/v2\/types\/page"}],"author":[{"embeddable":true,"href":"https:\/\/xxl-strategie.fr\/index.php\/wp-json\/wp\/v2\/users\/1"}],"replies":[{"embeddable":true,"href":"https:\/\/xxl-strategie.fr\/index.php\/wp-json\/wp\/v2\/comments?post=441"}],"version-history":[{"count":2,"href":"https:\/\/xxl-strategie.fr\/index.php\/wp-json\/wp\/v2\/pages\/441\/revisions"}],"predecessor-version":[{"id":524,"href":"https:\/\/xxl-strategie.fr\/index.php\/wp-json\/wp\/v2\/pages\/441\/revisions\/524"}],"wp:attachment":[{"href":"https:\/\/xxl-strategie.fr\/index.php\/wp-json\/wp\/v2\/media?parent=441"}],"curies":[{"name":"wp","href":"https:\/\/api.w.org\/{rel}","templated":true}]}}