{"id":395,"date":"2016-06-13T16:12:24","date_gmt":"2016-06-13T15:12:24","guid":{"rendered":"http:\/\/xxl-strategie.fr\/?page_id=395"},"modified":"2016-07-01T14:31:04","modified_gmt":"2016-07-01T13:31:04","slug":"gestion-de-conflits-attitudes-face-aux-risques-dagression","status":"publish","type":"page","link":"https:\/\/xxl-strategie.fr\/index.php\/gestion-de-conflits-attitudes-face-aux-risques-dagression\/","title":{"rendered":"Gestion de conflits &#8211; Attitudes face aux risques d&rsquo;agression"},"content":{"rendered":"<p><strong>OBJECTIFS DE LA FORMATION<\/strong><\/p>\n<p>Rep\u00e9rer les signaux annonciateurs d&rsquo;une situation potentiellement \u00e0 risque de conflit<br \/>\nD\u00e9velopper une posture propice \u00e0 la pr\u00e9vention des relations difficiles et conflictuelles<br \/>\nS&rsquo;approprier les techniques de communication efficaces dans la gestion des situations difficiles et \u00e0 risques<br \/>\nPrendre du recul face aux critiques et attaques des clients pour mieux les traiter et rechercher ensemble des solutions constructives<br \/>\nD\u00e9velopper son agilit\u00e9 pour g\u00e9rer les situations complexes et faire preuve de plus d&rsquo;efficacit\u00e9 relationnelle<br \/>\nIdentifier les limites des situations \u00e0 risques pour agir en toute s\u00e9curit\u00e9<br \/>\nTirer profit de chaque exp\u00e9rience v\u00e9cue pour s&rsquo;am\u00e9liorer et progresser dans la r\u00e9solution de probl\u00e8mes en situation de conflit<\/p>\n<hr \/>\n<p><strong>Programme de formation:<\/strong><\/p>\n<p><strong>1-D\u00e9finir les situations complexes et le conflit<\/strong><br \/>\nLes types de conflits: diff\u00e9rencier incompr\u00e9hension, tension, conflit et crise &#8211; Le processus de conflit et ses \u00e9tapes &#8211; Savoir \u00catre et Savoir Faire &#8211; Les enjeux du traitement d&rsquo;un conflit ou pourquoi il est important de savoir y faire face<\/p>\n<p><strong>2-Pr\u00e9venir le conflit &#8211; D\u00e9samorcer l&rsquo;escalade<\/strong><br \/>\nInt\u00e9r\u00eat de mieux se conna\u00eetre pour mieux communiquer avec l&rsquo;autre &#8211; D\u00e9velopper les attitudes favorables pour \u00e9viter et pr\u00e9venir les conflits &#8211; Qualit\u00e9s relationnelles, intelligence Intra et Interpersonnelle &#8211; Rencontrer l&rsquo;alt\u00e9rit\u00e9 et accepter la carte du monde de l&rsquo;autre &#8211; Les outils utiles<\/p>\n<p><strong>3-G\u00e9rer et traiter le conflit pour rechercher une solution gagnant-gagnant<\/strong><br \/>\nIdentifier les jeux psychologiques et les strat\u00e9gies de r\u00e9ussite et d&rsquo;impasse &#8211; L&rsquo;impact des \u00e9motions sur l&rsquo;efficacit\u00e9 relationnelle &#8211; Diff\u00e9rencier le comportement de l&rsquo;identit\u00e9 &#8211; Se positionner et adopter la juste distance avec l&rsquo;autre &#8211; Savoir refuser, recadrer, argumenter, n\u00e9gocier pour r\u00e9soudre les conflits sans violence &#8211; Reconna\u00eetre ses limites et rep\u00e9rer les situations \u00e0 risques pour agir en toute s\u00e9curit\u00e9<\/p>\n<p><strong>4-L&rsquo;apr\u00e8s conflit ou comment s&rsquo;am\u00e9liorer et soigner le contact client<\/strong><br \/>\nR\u00e9tablir la confiance en soi et la confiance dans la relation avec le client &#8211; Se ressourcer et g\u00e9rer son stress apr\u00e8s le conflit &#8211; Faire des conflits une source de richesse &#8211; D\u00e9velopper son agilit\u00e9<\/p>\n<hr \/>\n<p><strong>Pr\u00e9-requis<\/strong><br \/>\nCette formation ne n\u00e9cessite pas de pr\u00e9-requis<\/p>\n<p><strong>Public<\/strong><br \/>\nToute cat\u00e9gorie de personnel<\/p>\n<p><strong>Dur\u00e9e<\/strong><br \/>\n2 jours<\/p>\n<p><a href=\"http:\/\/xxl-strategie.fr\/index.php\/lequipe\/formulaire-de-contact\/\">Demande de renseignements<\/a><\/p>\n","protected":false},"excerpt":{"rendered":"<p>OBJECTIFS DE LA FORMATION Rep\u00e9rer les signaux annonciateurs d&rsquo;une situation potentiellement \u00e0 risque de conflit D\u00e9velopper une posture propice \u00e0 la pr\u00e9vention des relations difficiles et conflictuelles S&rsquo;approprier les techniques de communication efficaces dans la gestion des situations difficiles et \u00e0 risques Prendre du recul face aux critiques et attaques des clients pour mieux les [&hellip;]<\/p>\n","protected":false},"author":1,"featured_media":0,"parent":0,"menu_order":0,"comment_status":"closed","ping_status":"closed","template":"","meta":[],"_links":{"self":[{"href":"https:\/\/xxl-strategie.fr\/index.php\/wp-json\/wp\/v2\/pages\/395"}],"collection":[{"href":"https:\/\/xxl-strategie.fr\/index.php\/wp-json\/wp\/v2\/pages"}],"about":[{"href":"https:\/\/xxl-strategie.fr\/index.php\/wp-json\/wp\/v2\/types\/page"}],"author":[{"embeddable":true,"href":"https:\/\/xxl-strategie.fr\/index.php\/wp-json\/wp\/v2\/users\/1"}],"replies":[{"embeddable":true,"href":"https:\/\/xxl-strategie.fr\/index.php\/wp-json\/wp\/v2\/comments?post=395"}],"version-history":[{"count":5,"href":"https:\/\/xxl-strategie.fr\/index.php\/wp-json\/wp\/v2\/pages\/395\/revisions"}],"predecessor-version":[{"id":528,"href":"https:\/\/xxl-strategie.fr\/index.php\/wp-json\/wp\/v2\/pages\/395\/revisions\/528"}],"wp:attachment":[{"href":"https:\/\/xxl-strategie.fr\/index.php\/wp-json\/wp\/v2\/media?parent=395"}],"curies":[{"name":"wp","href":"https:\/\/api.w.org\/{rel}","templated":true}]}}