{"id":382,"date":"2016-06-13T15:08:27","date_gmt":"2016-06-13T14:08:27","guid":{"rendered":"http:\/\/xxl-strategie.fr\/?page_id=382"},"modified":"2016-07-11T13:29:10","modified_gmt":"2016-07-11T12:29:10","slug":"management","status":"publish","type":"page","link":"https:\/\/xxl-strategie.fr\/index.php\/formation\/management\/","title":{"rendered":"Management"},"content":{"rendered":"<p><a href=\"http:\/\/xxl-strategie.fr\/index.php\/formation\/management\/organiser-et-conduire-efficacement-un-entretien-professionnel\/\">Organiser et conduire un entretien professionnel<\/a><\/p>\n<p><a href=\"http:\/\/xxl-strategie.fr\/index.php\/la-gestion-de-projet\/\">La gestion de projet<\/a><\/p>\n<p><a href=\"http:\/\/xxl-strategie.fr\/index.php\/formation\/manager-de-proximite\/\">Management de proximit\u00e9: animer et motiver son \u00e9quipe au quotidien<\/a><\/p>\n<p><a href=\"http:\/\/xxl-strategie.fr\/index.php\/animer-motiver-et-developper-la-performance-individuelle-et-collective-de-son-equipe\/\">Animer, motiver et d\u00e9velopper la performance individuelle et collective de son \u00e9quipe<\/a><\/p>\n<p><a href=\"http:\/\/xxl-strategie.fr\/index.php\/formation\/management\/cohesion-et-performance\/\">Coh\u00e9sion et performance<\/a><\/p>\n<p><a href=\"http:\/\/xxl-strategie.fr\/index.php\/mettre-en-place-une-demarche-5s\/\">Mettre en place une d\u00e9marche 5S<\/a><\/p>\n<p><a href=\"http:\/\/xxl-strategie.fr\/index.php\/mettre-en-place-une-demarche-qualite-dans-latelier\/\">Mettre en place une d\u00e9marche qualit\u00e9 dans l\u2019atelier<\/a><\/p>\n<p><a href=\"http:\/\/xxl-strategie.fr\/index.php\/formation\/lentretien-professionnel\/\">R\u00e9ussir ses entretiens professionnels<\/a><\/p>\n<p>&nbsp;<\/p>\n","protected":false},"excerpt":{"rendered":"<p>Organiser et conduire un entretien professionnel La gestion de projet Management de proximit\u00e9: animer et motiver son \u00e9quipe au quotidien Animer, motiver et d\u00e9velopper la performance individuelle et collective de son \u00e9quipe Coh\u00e9sion et performance Mettre en place une d\u00e9marche 5S Mettre en place une d\u00e9marche qualit\u00e9 dans l\u2019atelier R\u00e9ussir ses entretiens professionnels &nbsp;<\/p>\n","protected":false},"author":1,"featured_media":0,"parent":9,"menu_order":0,"comment_status":"closed","ping_status":"closed","template":"","meta":[],"_links":{"self":[{"href":"https:\/\/xxl-strategie.fr\/index.php\/wp-json\/wp\/v2\/pages\/382"}],"collection":[{"href":"https:\/\/xxl-strategie.fr\/index.php\/wp-json\/wp\/v2\/pages"}],"about":[{"href":"https:\/\/xxl-strategie.fr\/index.php\/wp-json\/wp\/v2\/types\/page"}],"author":[{"embeddable":true,"href":"https:\/\/xxl-strategie.fr\/index.php\/wp-json\/wp\/v2\/users\/1"}],"replies":[{"embeddable":true,"href":"https:\/\/xxl-strategie.fr\/index.php\/wp-json\/wp\/v2\/comments?post=382"}],"version-history":[{"count":6,"href":"https:\/\/xxl-strategie.fr\/index.php\/wp-json\/wp\/v2\/pages\/382\/revisions"}],"predecessor-version":[{"id":534,"href":"https:\/\/xxl-strategie.fr\/index.php\/wp-json\/wp\/v2\/pages\/382\/revisions\/534"}],"up":[{"embeddable":true,"href":"https:\/\/xxl-strategie.fr\/index.php\/wp-json\/wp\/v2\/pages\/9"}],"wp:attachment":[{"href":"https:\/\/xxl-strategie.fr\/index.php\/wp-json\/wp\/v2\/media?parent=382"}],"curies":[{"name":"wp","href":"https:\/\/api.w.org\/{rel}","templated":true}]}}