{"id":1117,"date":"2019-03-21T18:17:42","date_gmt":"2019-03-21T17:17:42","guid":{"rendered":"http:\/\/xxl-strategie.fr\/?page_id=1117"},"modified":"2019-12-05T17:06:56","modified_gmt":"2019-12-05T16:06:56","slug":"notre-chaine-tv","status":"publish","type":"page","link":"https:\/\/xxl-strategie.fr\/index.php\/notre-chaine-tv\/","title":{"rendered":"Notre chaine TV"},"content":{"rendered":"<!--[if lt IE 9]><script>document.createElement('video');<\/script><![endif]-->\n\t<div class=\"wp-playlist wp-video-playlist wp-playlist-light\">\n\t\t<video controls=\"controls\" preload=\"none\" width=\"698\"\n\t\t height=\"393\"\t><\/video>\n\t<div class=\"wp-playlist-next\"><\/div>\n\t<div class=\"wp-playlist-prev\"><\/div>\n\t<noscript>\n\t<ol>\n\t\t<li><a href='https:\/\/xxl-strategie.fr\/wp-content\/uploads\/2019\/12\/LIkigai\u0308-de-lentrepreneur.mp4'>L'Ikigai\u0308 de l'entrepreneur<\/a><\/li><li><a href='https:\/\/xxl-strategie.fr\/wp-content\/uploads\/2019\/09\/Elections_du_CSE-1.mp4'>Elections du CSE<\/a><\/li><li><a href='https:\/\/xxl-strategie.fr\/wp-content\/uploads\/2019\/08\/GPEC-un-jeu-denfants.mp4'>GPEC, un jeu d'enfants<\/a><\/li><li><a href='https:\/\/xxl-strategie.fr\/wp-content\/uploads\/2019\/05\/Energies_Positives.mp4'>Comment convertir son stress en \u00e9nergies positives ?<\/a><\/li><li><a href='https:\/\/xxl-strategie.fr\/wp-content\/uploads\/2019\/03\/METS_Appui_Conseil-1.mp4'>Dispositif appui conseil aux PME de la METS<\/a><\/li><li><a href='https:\/\/xxl-strategie.fr\/wp-content\/uploads\/2018\/09\/Seminaire_XXL_Cohe\u0301sion.mp4'>Seminaire de coh\u00e9sion : Passer du groupe \u00e0 l'\u00e9quipe.<\/a><\/li><li><a href='https:\/\/xxl-strategie.fr\/wp-content\/uploads\/2018\/03\/Team-building-LEGO.mp4'>Team building LEGO Serious Play<\/a><\/li><li><a href='https:\/\/xxl-strategie.fr\/wp-content\/uploads\/2019\/03\/Se\u0301minaire_Cohe\u0301sion_Belle_Dune.mp4'>On fait quand m\u00eame au beau m\u00e9tier !!!<\/a><\/li>\t<\/ol>\n\t<\/noscript>\n\t<script type=\"application\/json\" class=\"wp-playlist-script\">{\"type\":\"video\",\"tracklist\":true,\"tracknumbers\":true,\"images\":true,\"artists\":true,\"tracks\":[{\"src\":\"https:\\\/\\\/xxl-strategie.fr\\\/wp-content\\\/uploads\\\/2019\\\/12\\\/LIkigai\\u0308-de-lentrepreneur.mp4\",\"type\":\"video\\\/mp4\",\"title\":\"L'Ikigai\\u0308 de l'entrepreneur\",\"caption\":\"\",\"description\":\"\",\"meta\":{\"length_formatted\":\"2:06\"},\"dimensions\":{\"original\":{\"width\":960,\"height\":540},\"resized\":{\"width\":698,\"height\":393}},\"image\":{\"src\":\"https:\\\/\\\/xxl-strategie.fr\\\/wp-includes\\\/images\\\/media\\\/video.png\",\"width\":48,\"height\":64},\"thumb\":{\"src\":\"https:\\\/\\\/xxl-strategie.fr\\\/wp-includes\\\/images\\\/media\\\/video.png\",\"width\":48,\"height\":64}},{\"src\":\"https:\\\/\\\/xxl-strategie.fr\\\/wp-content\\\/uploads\\\/2019\\\/09\\\/Elections_du_CSE-1.mp4\",\"type\":\"video\\\/mp4\",\"title\":\"Elections du CSE\",\"caption\":\"\",\"description\":\"\",\"meta\":{\"length_formatted\":\"0:48\"},\"dimensions\":{\"original\":{\"width\":960,\"height\":540},\"resized\":{\"width\":698,\"height\":393}},\"image\":{\"src\":\"https:\\\/\\\/xxl-strategie.fr\\\/wp-includes\\\/images\\\/media\\\/video.png\",\"width\":48,\"height\":64},\"thumb\":{\"src\":\"https:\\\/\\\/xxl-strategie.fr\\\/wp-includes\\\/images\\\/media\\\/video.png\",\"width\":48,\"height\":64}},{\"src\":\"https:\\\/\\\/xxl-strategie.fr\\\/wp-content\\\/uploads\\\/2019\\\/08\\\/GPEC-un-jeu-denfants.mp4\",\"type\":\"video\\\/mp4\",\"title\":\"GPEC, un jeu d'enfants\",\"caption\":\"\",\"description\":\"\",\"meta\":{\"length_formatted\":\"1:10\"},\"dimensions\":{\"original\":{\"width\":960,\"height\":540},\"resized\":{\"width\":698,\"height\":393}},\"image\":{\"src\":\"https:\\\/\\\/xxl-strategie.fr\\\/wp-includes\\\/images\\\/media\\\/video.png\",\"width\":48,\"height\":64},\"thumb\":{\"src\":\"https:\\\/\\\/xxl-strategie.fr\\\/wp-includes\\\/images\\\/media\\\/video.png\",\"width\":48,\"height\":64}},{\"src\":\"https:\\\/\\\/xxl-strategie.fr\\\/wp-content\\\/uploads\\\/2019\\\/05\\\/Energies_Positives.mp4\",\"type\":\"video\\\/mp4\",\"title\":\"Comment convertir son stress en \\u00e9nergies positives ?\",\"caption\":\"\",\"description\":\"\",\"meta\":{\"length_formatted\":\"1:23\"},\"dimensions\":{\"original\":{\"width\":960,\"height\":540},\"resized\":{\"width\":698,\"height\":393}},\"image\":{\"src\":\"https:\\\/\\\/xxl-strategie.fr\\\/wp-includes\\\/images\\\/media\\\/video.png\",\"width\":48,\"height\":64},\"thumb\":{\"src\":\"https:\\\/\\\/xxl-strategie.fr\\\/wp-includes\\\/images\\\/media\\\/video.png\",\"width\":48,\"height\":64}},{\"src\":\"https:\\\/\\\/xxl-strategie.fr\\\/wp-content\\\/uploads\\\/2019\\\/03\\\/METS_Appui_Conseil-1.mp4\",\"type\":\"video\\\/mp4\",\"title\":\"Dispositif appui conseil aux PME de la METS\",\"caption\":\"\",\"description\":\"\",\"meta\":{\"length_formatted\":\"1:48\"},\"dimensions\":{\"original\":{\"width\":960,\"height\":540},\"resized\":{\"width\":698,\"height\":393}},\"image\":{\"src\":\"https:\\\/\\\/xxl-strategie.fr\\\/wp-includes\\\/images\\\/media\\\/video.png\",\"width\":48,\"height\":64},\"thumb\":{\"src\":\"https:\\\/\\\/xxl-strategie.fr\\\/wp-includes\\\/images\\\/media\\\/video.png\",\"width\":48,\"height\":64}},{\"src\":\"https:\\\/\\\/xxl-strategie.fr\\\/wp-content\\\/uploads\\\/2018\\\/09\\\/Seminaire_XXL_Cohe\\u0301sion.mp4\",\"type\":\"video\\\/mp4\",\"title\":\"Seminaire de coh\\u00e9sion : Passer du groupe \\u00e0 l'\\u00e9quipe.\",\"caption\":\"\",\"description\":\"\",\"meta\":{\"length_formatted\":\"0:54\"},\"dimensions\":{\"original\":{\"width\":960,\"height\":540},\"resized\":{\"width\":698,\"height\":393}},\"image\":{\"src\":\"https:\\\/\\\/xxl-strategie.fr\\\/wp-includes\\\/images\\\/media\\\/video.png\",\"width\":48,\"height\":64},\"thumb\":{\"src\":\"https:\\\/\\\/xxl-strategie.fr\\\/wp-includes\\\/images\\\/media\\\/video.png\",\"width\":48,\"height\":64}},{\"src\":\"https:\\\/\\\/xxl-strategie.fr\\\/wp-content\\\/uploads\\\/2018\\\/03\\\/Team-building-LEGO.mp4\",\"type\":\"video\\\/mp4\",\"title\":\"Team building LEGO Serious Play\",\"caption\":\"\",\"description\":\"\",\"meta\":{\"length_formatted\":\"1:02\"},\"dimensions\":{\"original\":{\"width\":960,\"height\":540},\"resized\":{\"width\":698,\"height\":393}},\"image\":{\"src\":\"https:\\\/\\\/xxl-strategie.fr\\\/wp-includes\\\/images\\\/media\\\/video.png\",\"width\":48,\"height\":64},\"thumb\":{\"src\":\"https:\\\/\\\/xxl-strategie.fr\\\/wp-includes\\\/images\\\/media\\\/video.png\",\"width\":48,\"height\":64}},{\"src\":\"https:\\\/\\\/xxl-strategie.fr\\\/wp-content\\\/uploads\\\/2019\\\/03\\\/Se\\u0301minaire_Cohe\\u0301sion_Belle_Dune.mp4\",\"type\":\"video\\\/mp4\",\"title\":\"On fait quand m\\u00eame au beau m\\u00e9tier !!!\",\"caption\":\"\",\"description\":\"\",\"meta\":{\"length_formatted\":\"1:04\"},\"dimensions\":{\"original\":{\"width\":1280,\"height\":720},\"resized\":{\"width\":698,\"height\":393}},\"image\":{\"src\":\"https:\\\/\\\/xxl-strategie.fr\\\/wp-includes\\\/images\\\/media\\\/video.png\",\"width\":48,\"height\":64},\"thumb\":{\"src\":\"https:\\\/\\\/xxl-strategie.fr\\\/wp-includes\\\/images\\\/media\\\/video.png\",\"width\":48,\"height\":64}}]}<\/script>\n<\/div>\n\t\n","protected":false},"excerpt":{"rendered":"","protected":false},"author":1,"featured_media":0,"parent":0,"menu_order":0,"comment_status":"closed","ping_status":"closed","template":"","meta":[],"_links":{"self":[{"href":"https:\/\/xxl-strategie.fr\/index.php\/wp-json\/wp\/v2\/pages\/1117"}],"collection":[{"href":"https:\/\/xxl-strategie.fr\/index.php\/wp-json\/wp\/v2\/pages"}],"about":[{"href":"https:\/\/xxl-strategie.fr\/index.php\/wp-json\/wp\/v2\/types\/page"}],"author":[{"embeddable":true,"href":"https:\/\/xxl-strategie.fr\/index.php\/wp-json\/wp\/v2\/users\/1"}],"replies":[{"embeddable":true,"href":"https:\/\/xxl-strategie.fr\/index.php\/wp-json\/wp\/v2\/comments?post=1117"}],"version-history":[{"count":9,"href":"https:\/\/xxl-strategie.fr\/index.php\/wp-json\/wp\/v2\/pages\/1117\/revisions"}],"predecessor-version":[{"id":1568,"href":"https:\/\/xxl-strategie.fr\/index.php\/wp-json\/wp\/v2\/pages\/1117\/revisions\/1568"}],"wp:attachment":[{"href":"https:\/\/xxl-strategie.fr\/index.php\/wp-json\/wp\/v2\/media?parent=1117"}],"curies":[{"name":"wp","href":"https:\/\/api.w.org\/{rel}","templated":true}]}}